{"id":10,"date":"2024-02-20T19:41:30","date_gmt":"2024-02-21T01:41:30","guid":{"rendered":"https:\/\/artelaseruv.com.mx\/one\/cart\/"},"modified":"2024-02-20T19:41:30","modified_gmt":"2024-02-21T01:41:30","slug":"cart","status":"publish","type":"page","link":"https:\/\/artelaseruv.com.mx\/one\/cart\/","title":{"rendered":"Cart"},"content":{"rendered":"\n<div data-block-name=\"woocommerce\/cart\" class=\"wp-block-woocommerce-cart alignwide is-loading\">\n<div data-block-name=\"woocommerce\/filled-cart-block\" class=\"wp-block-woocommerce-filled-cart-block\">\n<div data-block-name=\"woocommerce\/cart-items-block\" class=\"wp-block-woocommerce-cart-items-block\">\n<div data-block-name=\"woocommerce\/cart-line-items-block\" class=\"wp-block-woocommerce-cart-line-items-block\"><\/div>\n\n\n\n<div data-block-name=\"woocommerce\/cart-cross-sells-block\" class=\"wp-block-woocommerce-cart-cross-sells-block\">\n<h2 class=\"wp-block-heading has-large-font-size\">You may be interested in\u2026<\/h2>\n\n\n\n<div data-block-name=\"woocommerce\/cart-cross-sells-products-block\" class=\"wp-block-woocommerce-cart-cross-sells-products-block\"><\/div>\n<\/div>\n<\/div>\n\n\n\n<div data-block-name=\"woocommerce\/cart-totals-block\" class=\"wp-block-woocommerce-cart-totals-block\">\n<div data-block-name=\"woocommerce\/cart-order-summary-block\" class=\"wp-block-woocommerce-cart-order-summary-block\">\n<div data-block-name=\"woocommerce\/cart-order-summary-heading-block\" class=\"wp-block-woocommerce-cart-order-summary-heading-block\"><\/div><div data-block-name=\"woocommerce\/cart-order-summary-coupon-form-block\" class=\"wp-block-woocommerce-cart-order-summary-coupon-form-block\"><\/div><div data-block-name=\"woocommerce\/cart-order-summary-totals-block\" class=\"wp-block-woocommerce-cart-order-summary-totals-block\">\n<div data-block-name=\"woocommerce\/cart-order-summary-subtotal-block\" class=\"wp-block-woocommerce-cart-order-summary-subtotal-block\"><\/div>\n<div data-block-name=\"woocommerce\/cart-order-summary-discount-block\" class=\"wp-block-woocommerce-cart-order-summary-discount-block\"><\/div>\n<div data-block-name=\"woocommerce\/cart-order-summary-fee-block\" class=\"wp-block-woocommerce-cart-order-summary-fee-block\"><\/div>\n<div data-block-name=\"woocommerce\/cart-order-summary-shipping-block\" class=\"wp-block-woocommerce-cart-order-summary-shipping-block\"><\/div>\n<div data-block-name=\"woocommerce\/cart-order-summary-taxes-block\" class=\"wp-block-woocommerce-cart-order-summary-taxes-block\"><\/div><\/div>\n<\/div>\n\n\n\n<div data-block-name=\"woocommerce\/cart-express-payment-block\" class=\"wp-block-woocommerce-cart-express-payment-block\"><\/div>\n\n\n\n<div data-block-name=\"woocommerce\/proceed-to-checkout-block\" class=\"wp-block-woocommerce-proceed-to-checkout-block\"><\/div>\n\n\n\n<div data-block-name=\"woocommerce\/cart-accepted-payment-methods-block\" class=\"wp-block-woocommerce-cart-accepted-payment-methods-block\"><\/div>\n<\/div>\n<\/div>\n\n\n\n<div data-block-name=\"woocommerce\/empty-cart-block\" class=\"wp-block-woocommerce-empty-cart-block\">\n<h2 class=\"wp-block-heading has-text-align-center with-empty-cart-icon wc-block-cart__empty-cart__title\">Your cart is currently empty!<\/h2>\n\n\n\n<hr class=\"wp-block-separator has-alpha-channel-opacity is-style-dots\"\/>\n\n\n\n<h2 class=\"wp-block-heading has-text-align-center\">New in store<\/h2>\n\n\n<div data-block-name=\"woocommerce\/product-new\" data-columns=\"4\" data-rows=\"1\" class=\"wc-block-grid wp-block-product-new wp-block-woocommerce-product-new wc-block-product-new has-4-columns\"><ul class=\"wc-block-grid__products\"><li class=\"wc-block-grid__product\">\n\t\t\t\t<a href=\"https:\/\/artelaseruv.com.mx\/one\/product\/plkanificador-mensual-en-acrilico-60x40-cm-mod-flores-a\/\" class=\"wc-block-grid__product-link\">\n\t\t\t\t\t<div class=\"wc-block-grid__product-onsale\">\n\t\t\t<span aria-hidden=\"true\">Oferta<\/span>\n\t\t\t<span class=\"screen-reader-text\">Producto en oferta<\/span>\n\t\t<\/div>\n\t\t\t\t\t<div class=\"wc-block-grid__product-image\"><img fetchpriority=\"high\" decoding=\"async\" width=\"300\" height=\"300\" src=\"https:\/\/artelaseruv.com.mx\/one\/wp-content\/uploads\/2025\/01\/B-morado-lateral-300x300.jpg\" class=\"attachment-woocommerce_thumbnail size-woocommerce_thumbnail\" alt=\"Planificador Mensual en Acr\u00edlico 60x40 cm. Mod Flores B\" srcset=\"https:\/\/artelaseruv.com.mx\/one\/wp-content\/uploads\/2025\/01\/B-morado-lateral-300x300.jpg 300w, https:\/\/artelaseruv.com.mx\/one\/wp-content\/uploads\/2025\/01\/B-morado-lateral-1024x1024.jpg 1024w, https:\/\/artelaseruv.com.mx\/one\/wp-content\/uploads\/2025\/01\/B-morado-lateral-150x150.jpg 150w, https:\/\/artelaseruv.com.mx\/one\/wp-content\/uploads\/2025\/01\/B-morado-lateral-768x768.jpg 768w, https:\/\/artelaseruv.com.mx\/one\/wp-content\/uploads\/2025\/01\/B-morado-lateral-1536x1536.jpg 1536w, https:\/\/artelaseruv.com.mx\/one\/wp-content\/uploads\/2025\/01\/B-morado-lateral-1320x1320.jpg 1320w, https:\/\/artelaseruv.com.mx\/one\/wp-content\/uploads\/2025\/01\/B-morado-lateral-600x600.jpg 600w, https:\/\/artelaseruv.com.mx\/one\/wp-content\/uploads\/2025\/01\/B-morado-lateral.jpg 1575w\" sizes=\"(max-width: 300px) 100vw, 300px\" \/><\/div>\n\t\t\t\t\t<div class=\"wc-block-grid__product-title\">Planificador Mensual en Acr\u00edlico 60&#215;40 cm. Mod Flores B<\/div>\n\t\t\t\t<\/a>\n\t\t\t\t<div class=\"wc-block-grid__product-price price\"><div class=\"product-price price \"><span class=\"woocs_price_code\" data-currency=\"\" data-redraw-id=\"69fcbfec8aaf8\" data-product-id=\"26616\"><del aria-hidden=\"true\"><span class=\"woocommerce-Price-amount amount\">980.00<span class=\"woocommerce-Price-currencySymbol\">&#036;<\/span><\/span><\/del> <span class=\"screen-reader-text\">El precio original era: 980.00&#036;.<\/span><ins aria-hidden=\"true\"><span class=\"woocommerce-Price-amount amount\">890.00<span class=\"woocommerce-Price-currencySymbol\">&#036;<\/span><\/span><\/ins><span class=\"screen-reader-text\">El precio actual es: 890.00&#036;.<\/span><\/span><\/div><\/div>\n\t\t\t\t\n\t\t\t\t<div class=\"wp-block-button wc-block-grid__product-add-to-cart\"><a href=\"\/one\/wp-json\/wp\/v2\/pages\/10?add-to-cart=26616\" aria-label=\"A\u00f1adir al carrito: &ldquo;Planificador Mensual en Acr\u00edlico 60x40 cm. Mod Flores B&rdquo;\" data-quantity=\"1\" data-product_id=\"26616\" data-product_sku=\"PlannerMod_B_60x40\" data-price=\"890\" rel=\"nofollow\" class=\"wp-block-button__link  add_to_cart_button ajax_add_to_cart\">A\u00f1adir al carrito<\/a><\/div>\n\t\t\t<\/li><\/ul><\/div><\/div>\n<\/div>\n","protected":false},"excerpt":{"rendered":"","protected":false},"author":1,"featured_media":0,"parent":0,"menu_order":0,"comment_status":"closed","ping_status":"closed","template":"","meta":{"_joinchat":[],"footnotes":""},"class_list":["post-10","page","type-page","status-publish","hentry"],"yoast_head":"<!-- This site is optimized with the Yoast SEO plugin v27.5 - https:\/\/yoast.com\/product\/yoast-seo-wordpress\/ -->\n<title>Cart - Arte L&aacute;ser UV M&eacute;xico<\/title>\n<meta name=\"description\" content=\"Arte L&aacute;ser UV M&eacute;xico - Cart -\" \/>\n<meta name=\"robots\" content=\"index, follow, max-snippet:-1, max-image-preview:large, max-video-preview:-1\" \/>\n<link rel=\"canonical\" href=\"https:\/\/artelaseruv.com.mx\/one\/cart\/\" \/>\n<meta property=\"og:locale\" content=\"es_ES\" \/>\n<meta property=\"og:type\" content=\"article\" \/>\n<meta property=\"og:title\" content=\"Cart - Arte L&aacute;ser UV M&eacute;xico\" \/>\n<meta property=\"og:description\" content=\"Arte L&aacute;ser UV M&eacute;xico - Cart -\" \/>\n<meta property=\"og:url\" content=\"https:\/\/artelaseruv.com.mx\/one\/cart\/\" \/>\n<meta property=\"og:site_name\" content=\"Arte L&aacute;ser UV M&eacute;xico\" \/>\n<meta property=\"og:image\" content=\"https:\/\/artelaseruv.com.mx\/one\/wp-content\/uploads\/2024\/03\/imagen-sitio-arte-laser-uv.jpg\" \/>\n\t<meta property=\"og:image:width\" content=\"1200\" \/>\n\t<meta property=\"og:image:height\" content=\"675\" \/>\n\t<meta property=\"og:image:type\" content=\"image\/jpeg\" \/>\n<meta name=\"twitter:card\" content=\"summary_large_image\" \/>\n<script type=\"application\/ld+json\" class=\"yoast-schema-graph\">{\"@context\":\"https:\\\/\\\/schema.org\",\"@graph\":[{\"@type\":\"WebPage\",\"@id\":\"https:\\\/\\\/artelaseruv.com.mx\\\/one\\\/cart\\\/\",\"url\":\"https:\\\/\\\/artelaseruv.com.mx\\\/one\\\/cart\\\/\",\"name\":\"Cart - Arte L&aacute;ser UV M&eacute;xico\",\"isPartOf\":{\"@id\":\"https:\\\/\\\/artelaseruv.com.mx\\\/one\\\/#website\"},\"datePublished\":\"2024-02-21T01:41:30+00:00\",\"description\":\"Arte L&aacute;ser UV M&eacute;xico - Cart -\",\"breadcrumb\":{\"@id\":\"https:\\\/\\\/artelaseruv.com.mx\\\/one\\\/cart\\\/#breadcrumb\"},\"inLanguage\":\"es\",\"potentialAction\":[{\"@type\":\"ReadAction\",\"target\":[\"https:\\\/\\\/artelaseruv.com.mx\\\/one\\\/cart\\\/\"]}]},{\"@type\":\"BreadcrumbList\",\"@id\":\"https:\\\/\\\/artelaseruv.com.mx\\\/one\\\/cart\\\/#breadcrumb\",\"itemListElement\":[{\"@type\":\"ListItem\",\"position\":1,\"name\":\"Portada\",\"item\":\"https:\\\/\\\/artelaseruv.com.mx\\\/one\\\/\"},{\"@type\":\"ListItem\",\"position\":2,\"name\":\"Cart\"}]},{\"@type\":\"WebSite\",\"@id\":\"https:\\\/\\\/artelaseruv.com.mx\\\/one\\\/#website\",\"url\":\"https:\\\/\\\/artelaseruv.com.mx\\\/one\\\/\",\"name\":\"Arte L\u00e1ser UV M\u00e9xico\",\"description\":\"Impresi&oacute;n UV, Corte y Grabado L&aacute;ser, Router CNC, impresi&oacute;n en r&iacute;gidos\",\"publisher\":{\"@id\":\"https:\\\/\\\/artelaseruv.com.mx\\\/one\\\/#organization\"},\"alternateName\":\"Arte l\u00e1ser M\u00e9xico\",\"potentialAction\":[{\"@type\":\"SearchAction\",\"target\":{\"@type\":\"EntryPoint\",\"urlTemplate\":\"https:\\\/\\\/artelaseruv.com.mx\\\/one\\\/?s={search_term_string}\"},\"query-input\":{\"@type\":\"PropertyValueSpecification\",\"valueRequired\":true,\"valueName\":\"search_term_string\"}}],\"inLanguage\":\"es\"},{\"@type\":\"Organization\",\"@id\":\"https:\\\/\\\/artelaseruv.com.mx\\\/one\\\/#organization\",\"name\":\"Arte L\u00e1ser UV M\u00e9xico\",\"alternateName\":\"Arte L\u00e1ser UV M\u00e9xico impresi\u00f3n alta resoluci\u00f3n\",\"url\":\"https:\\\/\\\/artelaseruv.com.mx\\\/one\\\/\",\"logo\":{\"@type\":\"ImageObject\",\"inLanguage\":\"es\",\"@id\":\"https:\\\/\\\/artelaseruv.com.mx\\\/one\\\/#\\\/schema\\\/logo\\\/image\\\/\",\"url\":\"https:\\\/\\\/artelaseruv.com.mx\\\/one\\\/wp-content\\\/uploads\\\/2024\\\/02\\\/LOGO-ARTE-LASER-UV-2.png\",\"contentUrl\":\"https:\\\/\\\/artelaseruv.com.mx\\\/one\\\/wp-content\\\/uploads\\\/2024\\\/02\\\/LOGO-ARTE-LASER-UV-2.png\",\"width\":418,\"height\":111,\"caption\":\"Arte L\u00e1ser UV M\u00e9xico\"},\"image\":{\"@id\":\"https:\\\/\\\/artelaseruv.com.mx\\\/one\\\/#\\\/schema\\\/logo\\\/image\\\/\"}}]}<\/script>\n<!-- \/ Yoast SEO plugin. -->","yoast_head_json":{"title":"Cart - Arte L&aacute;ser UV M&eacute;xico","description":"Arte L&aacute;ser UV M&eacute;xico - Cart -","robots":{"index":"index","follow":"follow","max-snippet":"max-snippet:-1","max-image-preview":"max-image-preview:large","max-video-preview":"max-video-preview:-1"},"canonical":"https:\/\/artelaseruv.com.mx\/one\/cart\/","og_locale":"es_ES","og_type":"article","og_title":"Cart - Arte L&aacute;ser UV M&eacute;xico","og_description":"Arte L&aacute;ser UV M&eacute;xico - Cart -","og_url":"https:\/\/artelaseruv.com.mx\/one\/cart\/","og_site_name":"Arte L&aacute;ser UV M&eacute;xico","og_image":[{"width":1200,"height":675,"url":"https:\/\/artelaseruv.com.mx\/one\/wp-content\/uploads\/2024\/03\/imagen-sitio-arte-laser-uv.jpg","type":"image\/jpeg"}],"twitter_card":"summary_large_image","schema":{"@context":"https:\/\/schema.org","@graph":[{"@type":"WebPage","@id":"https:\/\/artelaseruv.com.mx\/one\/cart\/","url":"https:\/\/artelaseruv.com.mx\/one\/cart\/","name":"Cart - Arte L&aacute;ser UV M&eacute;xico","isPartOf":{"@id":"https:\/\/artelaseruv.com.mx\/one\/#website"},"datePublished":"2024-02-21T01:41:30+00:00","description":"Arte L&aacute;ser UV M&eacute;xico - Cart -","breadcrumb":{"@id":"https:\/\/artelaseruv.com.mx\/one\/cart\/#breadcrumb"},"inLanguage":"es","potentialAction":[{"@type":"ReadAction","target":["https:\/\/artelaseruv.com.mx\/one\/cart\/"]}]},{"@type":"BreadcrumbList","@id":"https:\/\/artelaseruv.com.mx\/one\/cart\/#breadcrumb","itemListElement":[{"@type":"ListItem","position":1,"name":"Portada","item":"https:\/\/artelaseruv.com.mx\/one\/"},{"@type":"ListItem","position":2,"name":"Cart"}]},{"@type":"WebSite","@id":"https:\/\/artelaseruv.com.mx\/one\/#website","url":"https:\/\/artelaseruv.com.mx\/one\/","name":"Arte L\u00e1ser UV M\u00e9xico","description":"Impresi&oacute;n UV, Corte y Grabado L&aacute;ser, Router CNC, impresi&oacute;n en r&iacute;gidos","publisher":{"@id":"https:\/\/artelaseruv.com.mx\/one\/#organization"},"alternateName":"Arte l\u00e1ser M\u00e9xico","potentialAction":[{"@type":"SearchAction","target":{"@type":"EntryPoint","urlTemplate":"https:\/\/artelaseruv.com.mx\/one\/?s={search_term_string}"},"query-input":{"@type":"PropertyValueSpecification","valueRequired":true,"valueName":"search_term_string"}}],"inLanguage":"es"},{"@type":"Organization","@id":"https:\/\/artelaseruv.com.mx\/one\/#organization","name":"Arte L\u00e1ser UV M\u00e9xico","alternateName":"Arte L\u00e1ser UV M\u00e9xico impresi\u00f3n alta resoluci\u00f3n","url":"https:\/\/artelaseruv.com.mx\/one\/","logo":{"@type":"ImageObject","inLanguage":"es","@id":"https:\/\/artelaseruv.com.mx\/one\/#\/schema\/logo\/image\/","url":"https:\/\/artelaseruv.com.mx\/one\/wp-content\/uploads\/2024\/02\/LOGO-ARTE-LASER-UV-2.png","contentUrl":"https:\/\/artelaseruv.com.mx\/one\/wp-content\/uploads\/2024\/02\/LOGO-ARTE-LASER-UV-2.png","width":418,"height":111,"caption":"Arte L\u00e1ser UV M\u00e9xico"},"image":{"@id":"https:\/\/artelaseruv.com.mx\/one\/#\/schema\/logo\/image\/"}}]}},"jetpack_sharing_enabled":true,"_links":{"self":[{"href":"https:\/\/artelaseruv.com.mx\/one\/wp-json\/wp\/v2\/pages\/10","targetHints":{"allow":["GET"]}}],"collection":[{"href":"https:\/\/artelaseruv.com.mx\/one\/wp-json\/wp\/v2\/pages"}],"about":[{"href":"https:\/\/artelaseruv.com.mx\/one\/wp-json\/wp\/v2\/types\/page"}],"author":[{"embeddable":true,"href":"https:\/\/artelaseruv.com.mx\/one\/wp-json\/wp\/v2\/users\/1"}],"replies":[{"embeddable":true,"href":"https:\/\/artelaseruv.com.mx\/one\/wp-json\/wp\/v2\/comments?post=10"}],"version-history":[{"count":0,"href":"https:\/\/artelaseruv.com.mx\/one\/wp-json\/wp\/v2\/pages\/10\/revisions"}],"wp:attachment":[{"href":"https:\/\/artelaseruv.com.mx\/one\/wp-json\/wp\/v2\/media?parent=10"}],"curies":[{"name":"wp","href":"https:\/\/api.w.org\/{rel}","templated":true}]}}